actor of 208 and 368.
16
Calculate the greatest common factor of 50 and 140.
10
What is the highest common divisor of 1001 and 1365?
91
Calculate the greatest common factor of 20 and 5900.
20
Calculate the greatest common factor of 23 and 70541.
23
What is the highest common factor of 27 and 15?
3
Calculate the highest common divisor of 108 and 96.
12
Calculate the greatest common factor of 26 and 377.
13
Calculate the highest common factor of 1112 and 3475.
139
Calculate the highest common divisor of 679 and 2.
1
Calculate the highest common factor of 91 and 429.
13
Calculate the greatest common divisor of 4 and 64.
4
What is the highest common factor of 81 and 45?
9
What is the highest common factor of 41 and 4223?
41
Calculate the greatest common factor of 48 and 1296.
48
Calculate the highest common factor of 322 and 98.
14
Calculate the highest common factor of 8 and 50056.
8
What is the highest common divisor of 6648 and 96?
24
Calculate the greatest common divisor of 14 and 112.
14
What is the greatest common divisor of 18 and 6?
6
Calculate the greatest common divisor of 369 and 54.
9
Calculate the greatest common divisor of 819 and 549.
9
What is the greatest common divisor of 136 and 34?
34
What is the greatest common divisor of 87 and 464?
29
What is the highest common factor of 384 and 720?
48
Calculate the highest common divisor of 104 and 8.
8
What is the greatest common factor of 988 and 532?
76
Calculate the greatest common divisor of 270 and 378.
54
What is the greatest common factor of 280 and 520?
40
What is the greatest common divisor of 407 and 3589?
37
Calculate the highest common factor of 256 and 160.
32
Calculate the highest common factor of 58 and 3886.
58
What is the greatest common factor of 363 and 3?
3
What is the highest common factor of 1022 and 42?
14
What is the greatest common factor of 165 and 90?
15
Calculate the greatest common divisor of 320 and 140.
20
What is the highest common factor of 3003 and 825?
33
Calculate the highest common divisor of 27247 and 11.
11
What is the greatest common factor of 385 and 935?
55
Calculate the greatest common divisor of 382 and 1337.
191
Calculate the highest common factor of 492 and 24.
12
What is the highest common factor of 216 and 27?
27
What is the greatest common factor of 33 and 2893?
11
Calculate the greatest common factor of 60 and 4980.
60
Calculate the highest common divisor of 66 and 90.
6
Calculate the highest common divisor of 552 and 138.
138
What is the highest common factor of 111 and 74?
37
Calculate the greatest common divisor of 56 and 4344.
8
What is the greatest common divisor of 46 and 4?
2
What is the greatest common factor of 351 and 208?
13
Calculate the highest common factor of 6 and 3921.
3
What is the greatest common factor of 1560 and 2040?
120
Calculate the highest common divisor of 384 and 16.
16
What is the highest common divisor of 40 and 12?
4
What is the highest common divisor of 37 and 2368?
37
Calculate the greatest common factor of 252 and 294.
42
What is the highest common factor of 735 and 441?
147
What is the greatest common factor of 602 and 35?
7
Calculate the highest common divisor of 1411 and 3154.
83
What is the highest common factor of 1196 and 52?
52
Calculate the highest common factor of 14 and 133.
7
What is the highest common divisor of 72 and 120?
24
Calculate the greatest common divisor of 120 and 1080.
120
What is the highest common divisor of 168 and 4998?
42
Calculate the highest common factor of 190 and 90.
10
What is the greatest common divisor of 1184 and 64?
32
What is the greatest common factor of 203 and 14?
7
What is the greatest common divisor of 2976 and 384?
96
Calculate the greatest common divisor of 21 and 6573.
21
What is the greatest common factor of 1001 and 286?
143
Calculate the highest common factor of 298 and 19072.
298
Calculate the highest common divisor of 1705 and 1595.
55
Calculate the greatest common factor of 4 and 284.
4
What is the greatest common divisor of 48 and 156?
12
Calculate the greatest common divisor of 182 and 442.
26
Calculate the greatest common divisor of 219 and 365.
73
Calculate the highest common factor of 4120 and 70.
10
What is the greatest common factor of 7 and 497?
7
Calculate the greatest common factor of 120 and 7260.
60
What is the greatest common factor of 9577 and 314?
157
What is the greatest common divisor of 69 and 46?
23
Calculate the highest common divisor of 35 and 56.
7
Calculate the highest common factor of 209 and 19.
19
Calculate the highest common factor of 115 and 23.
23
What is the greatest common divisor of 2187 and 81?
81
What is the greatest common factor of 183 and 30?
3
What is the highest common factor of 15 and 25?
5
Calculate the highest common factor of 9 and 6849.
9
Calculate the highest common divisor of 539 and 343.
49
What is the highest common divisor of 31191 and 111?
111
What is the highest common divisor of 960 and 1504?
32
What is the greatest common divisor of 99 and 1089?
99
What is the greatest common factor of 13 and 26?
13
Calculate the highest common factor of 106 and 18974.
106
What is the greatest common divisor of 6 and 10194?
6
What is the highest common factor of 101 and 5959?
101
Calculate the highest common factor of 15 and 42555.
15
Calculate the greatest common factor of 153 and 819.
9
Calculate the highest common divisor of 153 and 9.
9
What is the greatest common factor of 384 and 480?
96
Calculate the highest common divisor of 16 and 6.
2
What is the greatest common factor of 29 and 25897?
29
Calculate the highest common factor of 2369 and 115.
23
What is the highest common divisor of 340 and 580?
20
What is the highest common divisor of 1335 and 40?
5
Calculate the greatest common factor of 1480 and 888.
296
Calculate the greatest common divisor of 192 and 6.
6
Calculate the greatest common factor of 50 and 3775.
25
What is the highest common divisor of 28 and 189?
7
Calculate the greatest common factor of 20 and 1930.
10
What is the greatest common divisor of 440 and 264?
88
Calculate the highest common factor of 48 and 24.
24
What is the greatest common factor of 72 and 2424?
24
What is the greatest common divisor of 276 and 4899?
69
What is the greatest common factor of 136 and 289?
17
What is the highest common divisor of 147 and 15?
3
Calculate the greatest common divisor of 3588 and 12.
12
What is the greatest common factor of 75 and 350?
25
What is the greatest common divisor of 315 and 1960?
35
What is the greatest common divisor of 15 and 80?
5
What is the greatest common divisor of 62 and 7378?
62
Calculate the highest common divisor of 3 and 384.
3
What is the highest common factor of 414 and 5544?
18
Calculate the greatest common factor of 588 and 105.
21
What is the greatest common divisor of 40 and 95?
5
What is the highest common factor of 105 and 2688?
21
Calculate the greatest common divisor of 143 and 11.
11
Calculate the highest common factor of 351 and 216.
27
What is the greatest common divisor of 81 and 19062?
27
What is the greatest common divisor of 33 and 2035?
11
What is the greatest common divisor of 364 and 14?
14
What is the highest common divisor of 165 and 275?
55
What is the highest common divisor of 7 and 3906?
7
What is the highest common divisor of 1378 and 954?
106
What is the greatest common factor of 11 and 33?
11
What is the greatest common factor of 149 and 9089?
149
Calculate the highest common factor of 16 and 2328.
8
Calculate the greatest common divisor of 2 and 194.
2
Calculate the greatest common factor of 51 and 136.
17
Calculate the greatest common divisor of 188 and 470.
94
What is the highest common divisor of 57 and 133?
19
What is the highest common divisor of 12 and 564?
12
What is the highest common factor of 1914 and 33?
33
Calculate the highest common factor of 106 and 13303.
53
What is the highest common factor of 891 and 3645?
81
What is the highest common factor of 33 and 55?
11
Calculate the greatest common factor of 2188 and 12.
4
Calculate the highest common divisor of 362 and 9774.
362
What is the highest common divisor of 2608 and 32?
16
Calculate the highest common divisor of 154 and 2662.
22
What is the greatest common divisor of 179 and 12?